{"id":9870,"date":"2023-12-05T13:52:17","date_gmt":"2023-12-05T12:52:17","guid":{"rendered":"https:\/\/dev.test-wpo.pl\/?post_type=projekty-nib&#038;p=9870"},"modified":"2025-02-12T14:18:31","modified_gmt":"2025-02-12T13:18:31","slug":"jan-dlugosz-pisarz-jeszcze-sredniowieczny-czy-juz-renesansowy-intertekstualne-inspiracje-w-xv-wiecznej-polsce","status":"publish","type":"projekty-nib","link":"https:\/\/ijppan.pl\/en\/projekty-nib\/jan-dlugosz-pisarz-jeszcze-sredniowieczny-czy-juz-renesansowy-intertekstualne-inspiracje-w-xv-wiecznej-polsce\/","title":{"rendered":"JAN D\u0141UGOSZ \u2013 PISARZ JESZCZE \u015aREDNIOWIECZNY CZY JU\u017b RENESANSOWY? INTERTEKSTUALNE INSPIRACJE W XV-WIECZNEJ POLSCE"},"content":{"rendered":"<p><\/p>\n<p><strong>Kierownik projektu:<\/strong> mgr Zdzis\u0142aw Koczarski<\/p>\n<p><strong>Numer projektu:<\/strong> 2021\/41\/N\/HS2\/04265<br \/>\n<strong>Data rozpocz\u0119cia:<\/strong> 2022-02-07<br \/>\n<strong>Data zako\u0144czenia:<\/strong> 2025-02-06<br \/>\n<strong>Jednostka finansuj\u0105ca:<\/strong> NCN \u2013 PRELUDIUM 20<\/p>\n<h2>Opis projektu<\/h2>\n<p>Celem projektu jest odpowied\u017a na pytanie, czy na podstawie skali znajomo\u015bci i wykorzystania w tw\u00f3rczo\u015bci polskich intelektualist\u00f3w rzymskiej i greckiej literatury antycznej oraz w\u0142oskiej literatury humanistycznej powinno si\u0119 m\u00f3wi\u0107 o pocz\u0105tku renesansu w Polsce ju\u017c w po\u0142owie wieku XV? Na przyk\u0142adzie reprezentatywnego dla tego okresu krakowskiego \u015brodowiska intelektualnego i jednego z jego najwybitniejszych przedstawicieli \u2013 historyka Jana D\u0142ugosza (1415-1480) \u2013 projekt odpowie na pytanie, jak wiele dzie\u0142 antycznych i humanistycznych by\u0142o znanych w XV-wiecznej Polsce? Projekt pos\u0142u\u017cy r\u00f3wnie\u017c stworzeniu nowoczesnych narz\u0119dzi i metody por\u00f3wnywania ze sob\u0105 tekst\u00f3w \u0142aci\u0144skich w celu automatycznego odnajdywania w nich intertekstualnych nawi\u0105za\u0144 i aluzji literackich do literatury staro\u017cytnej i humanistycznej.<\/p>\n<p><\/p>","protected":false},"featured_media":0,"template":"","projekty":[24,23],"class_list":["post-9870","projekty-nib","type-projekty-nib","status-publish","hentry","projekty-projekty","projekty-projekty-zrealizowane"],"acf":[],"_links":{"self":[{"href":"https:\/\/ijppan.pl\/en\/wp-json\/wp\/v2\/projekty-nib\/9870","targetHints":{"allow":["GET"]}}],"collection":[{"href":"https:\/\/ijppan.pl\/en\/wp-json\/wp\/v2\/projekty-nib"}],"about":[{"href":"https:\/\/ijppan.pl\/en\/wp-json\/wp\/v2\/types\/projekty-nib"}],"wp:attachment":[{"href":"https:\/\/ijppan.pl\/en\/wp-json\/wp\/v2\/media?parent=9870"}],"wp:term":[{"taxonomy":"projekty","embeddable":true,"href":"https:\/\/ijppan.pl\/en\/wp-json\/wp\/v2\/projekty?post=9870"}],"curies":[{"name":"wp","href":"https:\/\/api.w.org\/{rel}","templated":true}]}}

JAN DŁUGOSZ – PISARZ JESZCZE ŚREDNIOWIECZNY CZY JUŻ RENESANSOWY? INTERTEKSTUALNE INSPIRACJE W XV-WIECZNEJ POLSCE

<p></p>
<p><strong>Kierownik projektu:</strong> mgr Zdzisław Koczarski</p>
<p><strong>Numer projektu:</strong> 2021/41/N/HS2/04265<br />
<strong>Data rozpoczęcia:</strong> 2022-02-07<br />
<strong>Data zakończenia:</strong> 2025-02-06<br />
<strong>Jednostka finansująca:</strong> NCN – PRELUDIUM 20</p>
<h2>Opis projektu</h2>
<p>Celem projektu jest odpowiedź na pytanie, czy na podstawie skali znajomości i wykorzystania w twórczości polskich intelektualistów rzymskiej i greckiej literatury antycznej oraz włoskiej literatury humanistycznej powinno się mówić o początku renesansu w Polsce już w połowie wieku XV? Na przykładzie reprezentatywnego dla tego okresu krakowskiego środowiska intelektualnego i jednego z jego najwybitniejszych przedstawicieli – historyka Jana Długosza (1415-1480) – projekt odpowie na pytanie, jak wiele dzieł antycznych i humanistycznych było znanych w XV-wiecznej Polsce? Projekt posłuży również stworzeniu nowoczesnych narzędzi i metody porównywania ze sobą tekstów łacińskich w celu automatycznego odnajdywania w nich intertekstualnych nawiązań i aluzji literackich do literatury starożytnej i humanistycznej.</p>
<p></p>
