{"id":9875,"date":"2023-12-05T13:54:36","date_gmt":"2023-12-05T12:54:36","guid":{"rendered":"https:\/\/dev.test-wpo.pl\/?post_type=projekty-nib&#038;p=9875"},"modified":"2024-11-19T10:46:40","modified_gmt":"2024-11-19T09:46:40","slug":"przewodnik-jezykowo-encyklopedyczny-po-gramatyce-semantycznej-jezyka-polskiego-w-ujeciu-historycznym","status":"publish","type":"projekty-nib","link":"https:\/\/ijppan.pl\/en\/projekty-nib\/przewodnik-jezykowo-encyklopedyczny-po-gramatyce-semantycznej-jezyka-polskiego-w-ujeciu-historycznym\/","title":{"rendered":"PRZEWODNIK J\u0118ZYKOWO-ENCYKLOPEDYCZNY PO GRAMATYCE SEMANTYCZNEJ J\u0118ZYKA POLSKIEGO W UJ\u0118CIU HISTORYCZNYM"},"content":{"rendered":"<p><\/p>\n<p><strong>Kierownik projektu:<\/strong> prof. dr hab. Maciej Grochowski<\/p>\n<p><strong>Numer projektu:<\/strong> 11H 17 0066 85<br \/>\n<strong>Data rozpocz\u0119cia:<\/strong> 2018-05-15<br \/>\n<strong>Data zako\u0144czenia:<\/strong> 2023-05-15<br \/>\n<strong>Jednostka finansuj\u0105ca:<\/strong> MEiN \u2013 NPRH 85<\/p>\n<h2>Opis projektu<\/h2>\n<p>Celem projektu jest przygotowanie kompendium j\u0119zykowo-encyklopedycznego, zawieraj\u0105cego opis kategorii poj\u0119ciowych istotnych z semantycznego punktu widzenia, obecnych explicite b\u0105d\u017a implicite w opracowaniach gramatycznych polszczyzny od po\u0142owy XIX wieku. Projekt ma charakter zar\u00f3wno dokumentacyjno-\u017ar\u00f3d\u0142owy, jak i badawczy, s\u0142ownikowy: opisowi zostanie poddany materia\u0142 pochodz\u0105cy z r\u00f3\u017cnych gramatyk polskich \u2013 i w tym sensie b\u0119dzie to praca z zakresu historii j\u0119zykoznawstwa, dokumentuj\u0105ca stan wiedzy zawartej w poszczeg\u00f3lnych uj\u0119ciach gramatycznych; b\u0119dziemy jednak d\u0105\u017cy\u0107 do wypracowania na podstawie ogl\u0105du dawnych opis\u00f3w oraz w\u0142asnych bada\u0144 instrumentarium s\u0142u\u017c\u0105cego: 1) analizie semiotycznej i semantycznej j\u0119zyka naturalnego, zw\u0142aszcza j\u0119zyka polskiego, 2) opisowi jednostek j\u0119zyka i zda\u0144 w uk\u0142adach parataktycznych i hipotaktycznych, 3) opisowi stosunk\u00f3w sk\u0142adniowo-semantycznych na p\u0142aszczy\u017anie predykatowoargumentowej i stosunk\u00f3w logicznych na p\u0142aszczy\u017anie wypowiedzi z rozcz\u0142onkowaniem ich struktury na cz\u0119\u015b\u0107 tematyczn\u0105 i merytoryczn\u0105. W tytule projektu u\u017cyli\u015bmy atrybutu \u201eprzewodnik j\u0119zykowo-encyklopedyczny w uj\u0119ciu historycznym\u201d, ma on bowiem prowadzi\u0107 odbiorc\u0119 po takich encyklopedycznych (a nie w w\u0105skim sensie leksykograficznych) artyku\u0142ach has\u0142owych, kt\u00f3re b\u0119d\u0105 zawiera\u0107 \u2013 poza odsy\u0142aczami bibliograficznymi \u2013 trzy g\u0142\u00f3wne komponenty. Nazwijmy je odpowiednio cz\u0119\u015bci\u0105 faktograficzn\u0105, interpretacyjn\u0105 i historyczn\u0105 danego artyku\u0142u. W cz\u0119\u015bci pierwszej przedstawimy aktualn\u0105 wiedz\u0119 na dany temat wraz z hipotezami \/ twierdzeniami z zakresu gramatyki semantycznej stawianymi przez zesp\u00f3\u0142 autorski. Cz\u0119\u015b\u0107 druga b\u0119dzie zawiera\u0107 ilustracje tych hipotez \/ twierdze\u0144, odwo\u0142uj\u0105ce si\u0119 do przyk\u0142ad\u00f3w jednostek b\u0105d\u017a konstrukcji wsp\u00f3\u0142czesnej polszczyzny og\u00f3lnej. Cz\u0119\u015b\u0107 trzecia stanowi\u0107 b\u0119dzie historyczne t\u0142o problemu, czyli om\u00f3wienie ewolucji pogl\u0105d\u00f3w na dany temat w historii j\u0119zykoznawstwa polonistycznego i teoretycznego z uwzgl\u0119dnieniem kontekstu europejskiego. Sytuujemy nasze badania na pograniczu j\u0119zykoznawstwa oraz logiki i filozofii, uwzgl\u0119dniamy bowiem aparat j\u0119zykoznawczy i filozoficzny. Staramy si\u0119 ponadto wykaza\u0107 wsp\u00f3\u0142zale\u017cno\u015bci mi\u0119dzy polsk\u0105 my\u015bl\u0105 lingwistyczn\u0105 i uj\u0119ciami innych tradycji europejskich, zar\u00f3wno lingwistycznych, jak i filozoficznych.<\/p>\n<p>&nbsp;<\/p>\n<p><\/p>","protected":false},"featured_media":0,"template":"","projekty":[24,23],"class_list":["post-9875","projekty-nib","type-projekty-nib","status-publish","hentry","projekty-projekty","projekty-projekty-zrealizowane"],"acf":[],"_links":{"self":[{"href":"https:\/\/ijppan.pl\/en\/wp-json\/wp\/v2\/projekty-nib\/9875","targetHints":{"allow":["GET"]}}],"collection":[{"href":"https:\/\/ijppan.pl\/en\/wp-json\/wp\/v2\/projekty-nib"}],"about":[{"href":"https:\/\/ijppan.pl\/en\/wp-json\/wp\/v2\/types\/projekty-nib"}],"wp:attachment":[{"href":"https:\/\/ijppan.pl\/en\/wp-json\/wp\/v2\/media?parent=9875"}],"wp:term":[{"taxonomy":"projekty","embeddable":true,"href":"https:\/\/ijppan.pl\/en\/wp-json\/wp\/v2\/projekty?post=9875"}],"curies":[{"name":"wp","href":"https:\/\/api.w.org\/{rel}","templated":true}]}}

PRZEWODNIK JĘZYKOWO-ENCYKLOPEDYCZNY PO GRAMATYCE SEMANTYCZNEJ JĘZYKA POLSKIEGO W UJĘCIU HISTORYCZNYM

<p></p>
<p><strong>Kierownik projektu:</strong> prof. dr hab. Maciej Grochowski</p>
<p><strong>Numer projektu:</strong> 11H 17 0066 85<br />
<strong>Data rozpoczęcia:</strong> 2018-05-15<br />
<strong>Data zakończenia:</strong> 2023-05-15<br />
<strong>Jednostka finansująca:</strong> MEiN – NPRH 85</p>
<h2>Opis projektu</h2>
<p>Celem projektu jest przygotowanie kompendium językowo-encyklopedycznego, zawierającego opis kategorii pojęciowych istotnych z semantycznego punktu widzenia, obecnych explicite bądź implicite w opracowaniach gramatycznych polszczyzny od połowy XIX wieku. Projekt ma charakter zarówno dokumentacyjno-źródłowy, jak i badawczy, słownikowy: opisowi zostanie poddany materiał pochodzący z różnych gramatyk polskich – i w tym sensie będzie to praca z zakresu historii językoznawstwa, dokumentująca stan wiedzy zawartej w poszczególnych ujęciach gramatycznych; będziemy jednak dążyć do wypracowania na podstawie oglądu dawnych opisów oraz własnych badań instrumentarium służącego: 1) analizie semiotycznej i semantycznej języka naturalnego, zwłaszcza języka polskiego, 2) opisowi jednostek języka i zdań w układach parataktycznych i hipotaktycznych, 3) opisowi stosunków składniowo-semantycznych na płaszczyźnie predykatowoargumentowej i stosunków logicznych na płaszczyźnie wypowiedzi z rozczłonkowaniem ich struktury na część tematyczną i merytoryczną. W tytule projektu użyliśmy atrybutu „przewodnik językowo-encyklopedyczny w ujęciu historycznym”, ma on bowiem prowadzić odbiorcę po takich encyklopedycznych (a nie w wąskim sensie leksykograficznych) artykułach hasłowych, które będą zawierać – poza odsyłaczami bibliograficznymi – trzy główne komponenty. Nazwijmy je odpowiednio częścią faktograficzną, interpretacyjną i historyczną danego artykułu. W części pierwszej przedstawimy aktualną wiedzę na dany temat wraz z hipotezami / twierdzeniami z zakresu gramatyki semantycznej stawianymi przez zespół autorski. Część druga będzie zawierać ilustracje tych hipotez / twierdzeń, odwołujące się do przykładów jednostek bądź konstrukcji współczesnej polszczyzny ogólnej. Część trzecia stanowić będzie historyczne tło problemu, czyli omówienie ewolucji poglądów na dany temat w historii językoznawstwa polonistycznego i teoretycznego z uwzględnieniem kontekstu europejskiego. Sytuujemy nasze badania na pograniczu językoznawstwa oraz logiki i filozofii, uwzględniamy bowiem aparat językoznawczy i filozoficzny. Staramy się ponadto wykazać współzależności między polską myślą lingwistyczną i ujęciami innych tradycji europejskich, zarówno lingwistycznych, jak i filozoficznych.</p>
<p>&nbsp;</p>
<p></p>
