{"id":9891,"date":"2023-12-05T14:11:29","date_gmt":"2023-12-05T13:11:29","guid":{"rendered":"https:\/\/dev.test-wpo.pl\/?post_type=projekty-nib&#038;p=9891"},"modified":"2023-12-05T14:11:29","modified_gmt":"2023-12-05T13:11:29","slug":"fontes-mediae-et-infimae-latinitatis-polonorum-elektroniczny-korpus-jezyka-lacinskiego-na-ziemiach-polskich-1000-1550","status":"publish","type":"projekty-nib","link":"https:\/\/ijppan.pl\/en\/projekty-nib\/fontes-mediae-et-infimae-latinitatis-polonorum-elektroniczny-korpus-jezyka-lacinskiego-na-ziemiach-polskich-1000-1550\/","title":{"rendered":"FONTES MEDIAE ET INFIMAE LATINITATIS POLONORUM. ELEKTRONICZNY KORPUS J\u0118ZYKA \u0141ACI\u0143SKIEGO NA ZIEMIACH POLSKICH (1000\u20131550)"},"content":{"rendered":"<p><strong>Kierownik projektu:<\/strong> dr hab. Micha\u0142 Rzepiela, prof. IJP PAN<br \/>\n<strong>Wykonawcy:<\/strong> mgr Aleksandra Kulbicka, dr Anna Ledzi\u0144ska, dr Agnieszka Maci\u0105g, dr Krzysztof Nowak, dr hab. Krzysztof Paw\u0142owski<\/p>\n<p><strong>Numer projektu:<\/strong> 0045\/FNiTP\/H11\/80\/2011<br \/>\n<strong>Data rozpocz\u0119cia:<\/strong> 2012<br \/>\n<strong>Data zako\u0144czenia:<\/strong> 2017<br \/>\n<strong>Jednostka finansuj\u0105ca:<\/strong> MNiSW w ramach NPRH<\/p>\n<h2>PODSUMOWANIE PROJEKTU<\/h2>\n<p>Celem projektu by\u0142o opracowanie elektronicznego, dost\u0119pnego na zasadach open access, naukowego korpusu j\u0119zyka \u0142aci\u0144skiego u\u017cywanego na ziemiach polskich w \u015bredniowieczu i w pocz\u0105tkach renesansu, tj. w latach ok. 1000\u20131550. Korpus ma charakter reprezentatywny i zr\u00f3wnowa\u017cony. W jego sk\u0142ad wchodz\u0105 zr\u00f3\u017cnicowane teksty: dokumenty, kroniki, teksty literackie, naukowe i specjalistyczne, mowy i kazania oraz zapiski s\u0105dowe i listy. Korpus mo\u017ce by\u0107 przydatny dla j\u0119zykoznawc\u00f3w, historyk\u00f3w literatury, historyk\u00f3w \u015bredniowiecza, badaczy dziej\u00f3w poj\u0119\u0107, tak\u017ce dla nauczycieli i wyk\u0142adowc\u00f3w jako \u017ar\u00f3d\u0142o materia\u0142u dydaktycznego. W Korpusie mo\u017cna wyszukiwa\u0107 pojedyncze wyrazy oraz grupy wyrazowe i morfemy. Przeszukiwa\u0107 mo\u017cna zar\u00f3wno ca\u0142y korpus, jak i teksty wybrane wedle zadanych kryteri\u00f3w chronologicznych, geograficznych czy gatunkowych. Wraz z cyfrowym s\u0142ownikiem \u0142aciny \u015bredniowiecznej oraz repozytorium ekscerpt\u00f3w s\u0142ownika \u0142aciny \u015bredniowiecznej korpus z\u0142o\u017cy si\u0119 na platform\u0119 bada\u0144 polskiego \u015bredniowiecza \u0142aci\u0144skiego.<br \/>\nKorpus jest systematycznie aktualizowany. W ramach VI edycji konkursu NPRH \u201eDziedzictwo narodowe\u201d pozyskano \u015brodki na znacz\u0105ce rozszerzenie i wzbogacenie korpusu. Projekt realizowany b\u0119dzie w latach 2018\u20132023.<\/p>\n<h2>PRZYDATNE STRONY INTERNETOWE<\/h2>\n<blockquote class=\"wp-embedded-content\" data-secret=\"Lz5rzCOQsz\">\n<p><a href=\"http:\/\/scriptores.pl\/efontes\/\">Strona g\u0142\u00f3wna<\/a><\/p>\n<\/blockquote>\n<p><iframe loading=\"lazy\" class=\"wp-embedded-content\" sandbox=\"allow-scripts\" security=\"restricted\" style=\"position: absolute; clip: rect(1px, 1px, 1px, 1px);\" src=\"http:\/\/scriptores.pl\/efontes\/embed\/#?secret=Lz5rzCOQsz\" data-secret=\"Lz5rzCOQsz\" width=\"600\" height=\"470\" title=\"\u201eStrona g\u0142\u00f3wna\u201d \u2014 eFontes\" marginwidth=\"0\" marginheight=\"470\"><\/iframe><\/p>\n<p>&nbsp;<\/p>\n","protected":false},"featured_media":0,"template":"","projekty":[24,23],"class_list":["post-9891","projekty-nib","type-projekty-nib","status-publish","hentry","projekty-projekty","projekty-projekty-zrealizowane"],"acf":[],"_links":{"self":[{"href":"https:\/\/ijppan.pl\/en\/wp-json\/wp\/v2\/projekty-nib\/9891","targetHints":{"allow":["GET"]}}],"collection":[{"href":"https:\/\/ijppan.pl\/en\/wp-json\/wp\/v2\/projekty-nib"}],"about":[{"href":"https:\/\/ijppan.pl\/en\/wp-json\/wp\/v2\/types\/projekty-nib"}],"wp:attachment":[{"href":"https:\/\/ijppan.pl\/en\/wp-json\/wp\/v2\/media?parent=9891"}],"wp:term":[{"taxonomy":"projekty","embeddable":true,"href":"https:\/\/ijppan.pl\/en\/wp-json\/wp\/v2\/projekty?post=9891"}],"curies":[{"name":"wp","href":"https:\/\/api.w.org\/{rel}","templated":true}]}}

FONTES MEDIAE ET INFIMAE LATINITATIS POLONORUM. ELEKTRONICZNY KORPUS JĘZYKA ŁACIŃSKIEGO NA ZIEMIACH POLSKICH (1000–1550)

<p><strong>Kierownik projektu:</strong> dr hab. Michał Rzepiela, prof. IJP PAN<br />
<strong>Wykonawcy:</strong> mgr Aleksandra Kulbicka, dr Anna Ledzińska, dr Agnieszka Maciąg, dr Krzysztof Nowak, dr hab. Krzysztof Pawłowski</p>
<p><strong>Numer projektu:</strong> 0045/FNiTP/H11/80/2011<br />
<strong>Data rozpoczęcia:</strong> 2012<br />
<strong>Data zakończenia:</strong> 2017<br />
<strong>Jednostka finansująca:</strong> MNiSW w ramach NPRH</p>
<h2>PODSUMOWANIE PROJEKTU</h2>
<p>Celem projektu było opracowanie elektronicznego, dostępnego na zasadach open access, naukowego korpusu języka łacińskiego używanego na ziemiach polskich w średniowieczu i w początkach renesansu, tj. w latach ok. 1000–1550. Korpus ma charakter reprezentatywny i zrównoważony. W jego skład wchodzą zróżnicowane teksty: dokumenty, kroniki, teksty literackie, naukowe i specjalistyczne, mowy i kazania oraz zapiski sądowe i listy. Korpus może być przydatny dla językoznawców, historyków literatury, historyków średniowiecza, badaczy dziejów pojęć, także dla nauczycieli i wykładowców jako źródło materiału dydaktycznego. W Korpusie można wyszukiwać pojedyncze wyrazy oraz grupy wyrazowe i morfemy. Przeszukiwać można zarówno cały korpus, jak i teksty wybrane wedle zadanych kryteriów chronologicznych, geograficznych czy gatunkowych. Wraz z cyfrowym słownikiem łaciny średniowiecznej oraz repozytorium ekscerptów słownika łaciny średniowiecznej korpus złoży się na platformę badań polskiego średniowiecza łacińskiego.<br />
Korpus jest systematycznie aktualizowany. W ramach VI edycji konkursu NPRH „Dziedzictwo narodowe” pozyskano środki na znaczące rozszerzenie i wzbogacenie korpusu. Projekt realizowany będzie w latach 2018–2023.</p>
<h2>PRZYDATNE STRONY INTERNETOWE</h2>
<blockquote class="wp-embedded-content" data-secret="Lz5rzCOQsz">
<p><a href="http://scriptores.pl/efontes/">Strona główna</a></p>
</blockquote>
<p><iframe loading="lazy" class="wp-embedded-content" sandbox="allow-scripts" security="restricted" style="position: absolute; clip: rect(1px, 1px, 1px, 1px);" src="http://scriptores.pl/efontes/embed/#?secret=Lz5rzCOQsz" data-secret="Lz5rzCOQsz" width="600" height="470" title="„Strona główna” — eFontes" marginwidth="0" marginheight="470"></iframe></p>
<p>&nbsp;</p>
